e second derivative of -c**3/3 - c**2/2 - 10*c. Determine n(j).
-5
Let z(o) = o**2 + 4*o + 5. Let h = -13 - -11. Let v be 7 + -2 + (3 - h). Suppose -13*w + v = -15*w. What is z(w)?
10
Let k(v) = -v**3 - v**2 - 10*v - 25. Let s be k(-2). Let p(i) = 6*i**2. What is p(s)?
6
Let r be 76/6*9/6. Let t = -16 + r. Let z(j) = -4*j + 3. Calculate z(t).
-9
Let m = 118 - 115. Suppose -4*j + 13 + 24 = -m*k, j - 4 = 0. Let n(b) = b + 9. Give n(k).
2
Let h = 42 + -34. Let c(x) = 7*x + 20. Let v(o) = -5*o - 13. Let i(t) = h*v(t) + 5*c(t). What is i(3)?
-19
Let z(r) be the second derivative of 3*r**2 - 5/6*r**3 - 8 + r. Calculate z(4).
-14
Let p(k) = -k - 1. Let x = 10 + -8. Suppose 0 = y + 5*g - 1, 3 - 35 = -5*y + x*g. Suppose 10 = h - 3*n, 0 = -5*h + n - y*n + 10. Determine p(h).
-5
Let j(f) be the second derivative of -f**4/12 - 3*f**3/2 + f**2/2 + 97*f. What is j(-10)?
-9
Let v(j) be the third derivative of j**4/4 - j**3/3 - 3*j**2 + 3. What is v(-1)?
-8
Let i(b) = -5*b + 61. Suppose -13*a = -5*v - 9*a + 50, -4*v + 3*a + 40 = 0. Give i(v).
11
Let u(h) = 2*h**3 + h**2 - h. Let q = -1 + -17. Let d = q - -22. Suppose -3*m + 2*m = d, -5*p + 3*m = -17. Calculate u(p).
2
Let f = -502 + 1131. Let k(y) = 635 - f - y**3 + 3*y**2 + 4*y + 3*y**2 - 2*y**2. Give k(5).
1
Let f(g) = g**2 + 7*g - 10. Let d be f(3). Let t be 1/(25/d + -1). Let m(c) = c**3 - 4*c**2 - 3*c + 6. Give m(t).
-6
Let j(s) = -3*s - 89. Let o(g) = -2*g**2 - 37*g - 11. Let d be o(-19). Give j(d).
1
Let g(h) = h**3 + h**2 - 4*h - 2. Suppose -2*l + 6 = 0, 0 = 4*w - 2*l + 6*l. What is g(w)?
-8
Let m(n) = n**2 + n - 1. Suppose 0 = 326*r - 339*r + 26. What is m(r)?
5
Let t(w) = 201 - 4*w + 194 + 199 - 597. Let y be (6 - 1)*3/(-5). Calculate t(y).
9
Let g(y) = 3*y - 4 + 6*y - 2*y - 6*y. Give g(-4).
-8
Let s be ((-1)/2)/(3/(-12)). Let f(b) = b**2 - 8*b + 14. Let o be f(7). Let g(w) = 13*w**2 + o*w**2 - 4*w - w**3 + 3 - 15*w**2. Calculate g(s).
7
Let q(p) be the second derivative of p**6/120 + p**5/60 - p**4/8 + p**3/2 - p**2/2 + 8*p. Let l(o) be the first derivative of q(o). Calculate l(-3).
-6
Let h(z) = z**3 + 5 + 1 - 30*z**2 + 23*z**2. Let j be h(7). Let p(y) = 3*y - 4. Determine p(j).
14
Let a(z) = 5*z**3 - 2*z**2 + 1. Suppose 2*v + 2 = -2*c - 2, -4*c = -2*v + 8. Suppose 16 = -4*q, 5*k + v*k - 4*q - 26 = 0. Suppose -7*t - k = -5*t. What is a(t)?
-6
Suppose 5*j + 3*t = -0*j + 17, -4*t - 24 = -5*j. Let y(k) = k - 11. What is y(j)?
-7
Let c = 2 - -2. Let z(v) be the first derivative of 5/2*v**2 + 1/4*v**4 - 2*v**3 + 2*v + 8. Calculate z(c).
-10
Let s(f) = 196*f - f**2 - 58*f - 63*f + 2 - 18 - 64*f. What is s(7)?
12
Suppose -5*h + 16 = 4*l, 4*l - 3*l = h + 4. Let o(r) = 3*r - 1. Let a(g) = 7*g - 1. Let f(z) = -2*a(z) + 5*o(z). What is f(h)?
-3
Let t = 2 + -2. Let n(x) be the second derivative of -7/2*x**2 + 1/12*x**4 + 17*x + 0*x**3 + 0 - 1/20*x**5. Calculate n(t).
-7
Suppose 15 = 4*x + x. Let h(a) = -1 - 5*a + x*a + 2*a + a. Suppose -4*b = 2*f + 14, 3*f - 11 = f + b. Give h(f).
2
Let p be 4 + (0 - 2 - -4). Let m(x) = 5*x**2 - 11*x - 3. Let j(d) = -7*d**2 + 12*d + 3. Let t(a) = -2*j(a) - 3*m(a). What is t(p)?
21
Let r(g) be the third derivative of 1/12*g**5 - 1/24*g**4 + 0 + 0*g + 1/120*g**6 - g**3 - 10*g**2. Calculate r(-5).
-1
Let p(h) = -h**2 + 2*h + 7. Let y = -100 + 98. Let a(i) = -2*i + 1. Let w be a(y). Give p(w).
-8
Let h(i) = -i**2 - 3*i + 1. Let q be h(-3). Let v be q*(3 - 3 - -3). Let k(n) = -19*n**3 - 4 + 12*n**v + 6*n**3 + 1. Calculate k(0).
-3
Let g(r) = 5*r**2 + 2*r + 1. Let u be g(2). Suppose -3*p = -5*p + 4*o + 16, 2*p + 8 = -4*o. Suppose -p*i + 7*i = -u. Let y(w) = w**2 + 5*w - 2. Give y(i).
-2
Let z(w) = -w**2 + 15*w - 19. Let k be z(13). Let r(f) = -2*f + 10. Let y be r(k). Let a(h) = h**2 + 6*h - 1. Give a(y).
-9
Suppose -3 - 11 = 7*v. Let k(w) = -14*w**2 - 2*w - 3. Determine k(v).
-55
Let s(y) = y**2 + 5*y + 1. Let v(l) = 7*l**2. Let r be v(1). Suppose -r = 3*u + 2. Determine s(u).
-5
Let n(f) = -19*f**2 + 3*f - 2. Let t(d) = 4*d**2. Let q(v) = -n(v) - 3*t(v). What is q(1)?
6
Let o(w) be the third derivative of w**6/360 - w**5/24 - w**4/8 + 4*w**3 + 7*w**2. Let x(n) be the first derivative of o(n). What is x(6)?
3
Let y be (3 + (-23)/(-2))/(3/6). Let x(o) = 11*o - 2 + 20*o - y*o - 2*o**2. Give x(2).
-6
Let u(n) be the second derivative of n**3/2 + 3*n**2/2 + 574*n. Determine u(-3).
-6
Let y(j) = -j**3 + 4*j**2 - 3*j. Suppose 16*o + 72 = 18*o. Suppose -10*x = 6 - o. Determine y(x).
0
Let p(f) be the first derivative of -f**4/4 + f**3 + 5*f**2/2 + 7*f + 259. Give p(5).
-18
Let c(b) = b**2 - 1. Suppose 3*q - 3*y = q - 28, -q + y = 14. Let k = 11 + q. What is c(k)?
8
Let q(f) = -2*f**3 - 389 + f**3 + 391 + 3*f + 3*f**2 + 0*f**2. Give q(4).
-2
Let h(z) be the second derivative of 0 + 1/120*z**5 + 6*z - 1/6*z**4 + 0*z**2 - z**3. Let n(u) be the second derivative of h(u). Determine n(0).
-4
Let t(p) = p + 2*p - 3*p**2 + 10 - 6*p - 5*p + p**3 + p. Calculate t(4).
-2
Let o(t) = 18167 - 9093 - 9086 + t. Calculate o(4).
-8
Let c(y) = -1532 - 1534 + 3065 - y. Determine c(-4).
3
Let h be (-14)/(-3) - 4/6. Let s(d) = -2*d**2 + 9*d - 3. Let r be s(h). Let z(f) = -4*f - 1. What is z(r)?
-5
Let z(o) = -2*o - 1. Suppose -2*c + u + 11 = 0, -c + 7*u = 9*u + 7. What is z(c)?
-7
Let r(m) = -2*m**3 - 5*m**2 - 20*m + 21. Let w(t) = t**3 + 2*t**2 + 9*t - 10. Let u(q) = -6*r(q) - 13*w(q). Determine u(3).
22
Suppose 0 = -3*j - 7 - 26. Let g = j + 12. Let c be 1 - (0 + (4 - g)). Let h(x) = 4*x + 1. What is h(c)?
-7
Let m(h) = h**2 + 7*h - 8. Suppose -103 + 91 = 2*n. What is m(n)?
-14
Suppose 0 = -h + 3*h - 8. Let f(p) = p**2 - 6*p + 6. Let v be f(h). Let c(w) = -2 + 6*w**3 - 3*w - 3*w**3 - 4*w**3 - w**2 + 1. What is c(v)?
9
Let u(r) = r + 10. Let c = -233 - -129. Let g be (1 + 1)/(26/c). Calculate u(g).
2
Let g(z) = 7*z - z**3 - 3 + 5*z**2 - 3*z**2 - z**2 + 0 - 6*z**2. What is g(-6)?
-9
Suppose 0 = 4*d - 2*v - 16, -5*d + 14*v + 26 = 10*v. Let p(u) = -6*u + 5. Determine p(d).
-7
Let a(l) be the second derivative of -1/20*l**5 - 5/12*l**4 - 2 + 0*l**2 + 5/6*l**3 + 8*l. What is a(-6)?
6
Let s(q) = -q. Let i(w) = -6*w - 11. Let v(k) = i(k) - 3*s(k). What is v(-6)?
7
Let h(q) = 1. Let l(y) = y - 6. Let n(w) = 6*h(w) + l(w). Let m(d) = -d**3 - 4*d**2 - 4*d - 2. Let i be m(-3). Calculate n(i).
1
Let g(w) = -w**3 + 2*w + 1. Suppose -3*l = -l - 8. Suppose -r + l*r - 18 = 0. Suppose 0 = 4*v - 2 + r. Determine g(v).
0
Suppose -3*k = -24*k - 84. Let r(b) = -b**2 + 3*b + 5. Determine r(k).
-23
Let j(p) = 2*p**2 + 3*p + 4. Let c be j(-1). Let o(x) = 9 + 0*x**3 - x**3 - 9*x**2 + 11*x + c. What is o(-10)?
2
Let s(m) = m**3 + 9*m**2 + 3. Let j = 349 - 358. Calculate s(j).
3
Let o(i) = i + 9. Suppose -2*t - 9 = 3*v, -3*t + 3*v = v - 19. Suppose 0 = p - 5, 2*b + t*p = -b. Determine o(b).
4
Let y(n) = -n**2 + 2. Let v be (-14)/4*(-50)/175. What is y(v)?
1
Let v(i) = i**3 + 6*i**2 + 4*i - 6. Let q be 24/7 + 15/(-35). Suppose -8 = q*a - a. Let k be (a + 14)/(6/(-3)). Determine v(k).
-1
Let w(k) = -2*k + 5. Let t be w(0). Let l be 2/(-6)*(2 - t). Let c(a) = 14*a**3 + a**2 - a + 1. Calculate c(l).
15
Let m(d) be the second derivative of -d**5/20 + 5*d**4/12 - d**3/2 + d**2/2 - d. Suppose -7*f + 3*f - 44 = 0. Let a = f - -15. Determine m(a).
5
Let b(n) be the second derivative of n**5/20 - 17*n**4/12 + 17*n**3/6 - 9*n**2 + 2*n - 21. What is b(16)?
-2
Let i(z) = -21*z**2 - 5*z + 5. Let k(s) = 4*s**2 + s - 1. Let b(w) = i(w) + 5*k(w). Suppose 5*j - h + 0*h - 2 = 0, -2*j = h - 5. Determine b(j).
-1
Let o(i) = -i + 8. Suppose 3*d - 6 = 5*d, -4*u - d + 73 = 0. Let c = u - 12. Let n be 32/6 - c/21. Calculate o(n).
3
Let b = -3 - -4. Let l(m) = 3 + 6*m + b - 3*m**2 + 4*m**2 - 3. Determine l(-7).
8
Let j(d) be the second derivative of -d**4/8 - 4*d**3/3 - d**2 + d. Let s(u) be the first derivative of j(u). Let z = 1983 - 1989. What is s(z)?
10
Suppose 2*v + 3*z - 27 = 0, z = -v + 4*z + 18. Let l be (-174)/v - 3/(-5). Let q = l + 9. Let p(d) = d**3 + 5*d**2 + 4*d + 2. Determine p(q).
6
Let o(c) be the second derivative of -c**5/120 + c**4/8 - 7*c**3/3 - 18*c. Let v(k) be the second derivative of o(k). Give v(-5).
8
Let j(o) be the first derivative of o**4/4 - o**3 + 3*o**2/2 - 2*o + 6. Suppose 3*x - 28 = x + 4*r, x - 9 = r. Let u = -2 + x. D